is the hundred millions digit of 271847759?
2
What is the ten thousands digit of 194079951?
7
What is the ten millions digit of 131111708?
3
What is the tens digit of 1266471724?
2
What is the hundred millions digit of 720900386?
7
What is the tens digit of 167367230?
3
What is the ten thousands digit of 611369195?
6
What is the thousands digit of 372101484?
1
What is the units digit of 227390808?
8
What is the ten thousands digit of 348705?
4
What is the units digit of 186985100?
0
What is the millions digit of 864542950?
4
What is the millions digit of 481346702?
1
What is the tens digit of 72888222?
2
What is the millions digit of 68639625?
8
What is the hundreds digit of 388250757?
7
What is the ten thousands digit of 1502359713?
5
What is the units digit of 68174983?
3
What is the units digit of 1516630695?
5
What is the ten millions digit of 122684701?
2
What is the thousands digit of 78377780?
7
What is the hundred thousands digit of 3890946172?
9
What is the ten millions digit of 35446936?
3
What is the thousands digit of 1364291028?
1
What is the units digit of 19390657?
7
What is the units digit of 215670430?
0
What is the hundred thousands digit of 147627894?
6
What is the ten thousands digit of 30963573?
6
What is the units digit of 109910563?
3
What is the millions digit of 234997679?
4
What is the billions digit of 1554050110?
1
What is the tens digit of 841005739?
3
What is the hundred thousands digit of 940382798?
3
What is the ten thousands digit of 623498610?
9
What is the thousands digit of 19525766?
5
What is the ten millions digit of 441479862?
4
What is the units digit of 35293701?
1
What is the millions digit of 1660353176?
0
What is the ten thousands digit of 1553065312?
6
What is the hundreds digit of 38132339?
3
What is the ten thousands digit of 120653990?
5
What is the hundred thousands digit of 4389553613?
5
What is the hundred thousands digit of 227215295?
2
What is the hundred millions digit of 131352146?
1
What is the thousands digit of 61621458?
1
What is the tens digit of 70880960?
6
What is the thousands digit of 1573667552?
7
What is the units digit of 27802035?
5
What is the tens digit of 258265919?
1
What is the tens digit of 193222186?
8
What is the millions digit of 793413274?
3
What is the hundred thousands digit of 1475563405?
5
What is the units digit of 136892647?
7
What is the thousands digit of 8561312110?
2
What is the hundred thousands digit of 1211310915?
3
What is the hundred millions digit of 115360964?
1
What is the hundred thousands digit of 736675683?
6
What is the hundred thousands digit of 80408980?
4
What is the ten millions digit of 39101794?
3
What is the ten millions digit of 3796984585?
9
What is the ten millions digit of 1847524520?
4
What is the hundreds digit of 972667?
6
What is the hundred thousands digit of 136138066?
1
What is the units digit of 175529093?
3
What is the tens digit of 6950802?
0
What is the hundred thousands digit of 2925389297?
3
What is the thousands digit of 385359291?
9
What is the ten thousands digit of 203207427?
0
What is the ten millions digit of 117549919?
1
What is the ten thousands digit of 2120255610?
5
What is the hundred thousands digit of 59822351?
8
What is the hundred thousands digit of 32469875?
4
What is the hundred millions digit of 3372610907?
3
What is the thousands digit of 241588371?
8
What is the hundreds digit of 3710159414?
4
What is the units digit of 136364456?
6
What is the units digit of 28829930?
0
What is the hundreds digit of 6439638448?
4
What is the ten thousands digit of 1210695445?
9
What is the ten thousands digit of 49190899?
9
What is the hundred thousands digit of 29377767?
3
What is the ten thousands digit of 1019471074?
7
What is the hundred millions digit of 635162780?
6
What is the units digit of 2403917356?
6
What is the hundred millions digit of 106950986?
1
What is the tens digit of 1638926538?
3
What is the ten millions digit of 40602004?
4
What is the ten millions digit of 140912532?
4
What is the millions digit of 207682378?
7
What is the ten millions digit of 19571157?
1
What is the thousands digit of 20262684?
2
What is the thousands digit of 253009056?
9
What is the hundred thousands digit of 278847573?
8
What is the hundreds digit of 462842582?
5
What is the thousands digit of 244966327?
6
What is the millions digit of 385961975?
5
What is the millions digit of 29750012?
9
What is the ten thousands digit of 37794205?
9
What is the tens digit of 40350539?
3
What is the ten thousands digit of 14558781?
5
What is the millions digit of 15777483?
5
What is the tens digit of 40585018?
1
What is the units digit of 3343112339?
9
What is the thousands digit of 390593334?
3
What is the thousands digit of 4402983808?
3
What is the units digit of 442244081?
1
What is the hundreds digit of 2135638114?
1
What is the thousands digit of 63804404?
4
What is the millions digit of 1945112116?
5
What is the thousands digit of 218064090?
4
What is the ten millions digit of 141120715?
4
What is the ten millions digit of 12274611?
1
What is the hundred millions digit of 563565280?
5
What is the hundred thousands digit of 3297014465?
0
What is the tens digit of 12426129?
2
What is the ten millions digit of 31222890?
3
What is the ten millions digit of 862180820?
6
What is the hundred thousands digit of 52620618?
6
What is the hundred thousands digit of 145719266?
7
What is the millions digit of 4828024562?
8
What is the millions digit of 108963597?
8
What is the hundred millions digit of 329591036?
3
What is the ten thousands digit of 783892027?
9
What is the hundreds digit of 242468986?
9
What is the units digit of 5695968?
8
What is the thousands digit of 112316189?
6
What is the thousands digit of 75907723?
7
What is the units digit of 39344853?
3
What is the tens digit of 886153184?
8
What is the tens digit of 9606641076?
7
What is the tens digit of 765493365?
6
What is the ten millions digit of 2886634026?
8
What is the ten thousands digit of 1653310852?
1
What is the thousands digit of 19839586?
9
What is the ten thousands digit of 288599051?
9
What is the units digit of 2351459037?
7
What is the tens digit of 177999687?
8
What is the units digit of 572187?
7
What is the hundred thousands digit of 2922485605?
4
What is the hundred thousands digit of 1301219599?
2
What is the ten thousands digit of 106199617?
9
What is the ten millions digit of 907117979?
0
What is the units digit of 235337479?
9
What is the ten thousands digit of 75828786?
2
What is the thousands digit of 67360822?
0
What is the hundred thousands digit of 598885044?
8
What is the millions digit of 696108666?
6
What is the ten thousands digit of 2376007598?
0
What is the ten millions digit of 19751297?
1
What is the hundred thousands digit of 1243236433?
2
What is the hundreds digit of 1081544758?
7
What is the ten millions digit of 61953859?
6
What is the thousands digit of 38983817?
3
What is the hundred thousands digit of 3170588754?
5
What is the hundred thousands digit of 336890729?
8
What is the tens digit of 23319322?
2
What is the units digit of 23250972?
2
What is the thousands digit of 35080509?
0
What is the hundred millions digit of 216992320?
2
What is the ten thousands digit of 237788781?
8
What is the ten millions digit of 321868126?
2
What is the units digit of 5901849624?
4
What is the hundred thousands digit of 6039670221?
6
What is the ten millions digit of 75943757?
7
What is the thousands digit of 43699583?
9
What is the hundred thousands digit of 205863894?
8
What is the ten millions digit of 84732969?
8
What is the hundred thousands digit of 27099562?
0
What is the hundred thousands digit of 42473740?
4
What is the tens digit of 34518139?
3
What is the millions digit of 681162141?
1
What is the ten thousands digit of 2676845534?
4
What is the hundreds digit of 777603347?
3
What is the hundreds digit of 1190723174?
1
What is the thousands digit of 240340228?
0
What is the hundred thousands digit of 16686153?
6
What is the hundreds digit of 1750665910?
9
What is the thousands digit of 956124248?
4
What is the tens digit of 1303906706?
0
What is the hundred thousands digit of 4388290?
3
What is the ten thousands digit of 3897438361?
